{"id":16550,"date":"2024-08-26T16:16:57","date_gmt":"2024-08-26T19:16:57","guid":{"rendered":"https:\/\/www.eaglescollege.cl\/web\/?page_id=16550"},"modified":"2025-04-16T10:04:15","modified_gmt":"2025-04-16T13:04:15","slug":"talleres-extraescolares","status":"publish","type":"page","link":"https:\/\/www.eaglescollege.cl\/web\/talleres-extraescolares\/","title":{"rendered":"Talleres extraescolares"},"content":{"rendered":"<div id=\"cmsmasters_row_\" class=\"cmsmasters_row cmsmasters_color_scheme_default cmsmasters_row_top_default cmsmasters_row_bot_default cmsmasters_row_boxed\">\n<div class=\"cmsmasters_row_outer_parent\">\n<div class=\"cmsmasters_row_outer\">\n<div class=\"cmsmasters_row_inner\">\n<div class=\"cmsmasters_row_margin\">\n<div id=\"cmsmasters_column_\" class=\"cmsmasters_column one_first\">\n<div class=\"cmsmasters_column_inner\"><div class=\"custom_html\">\n<p>En <strong>Eagles' College<\/strong>, creemos que el aprendizaje va m\u00e1s all\u00e1 de las aulas. Es por eso que te invitamos a ser parte de nuestros <strong>Talleres Extraescolares<\/strong>, dise\u00f1ados para desarrollar nuevas habilidades, fomentar la creatividad y fortalecer el trabajo en equipo.<\/p>\n<h4 style=\"color: #003366;\"><i class=\"fas fa-music\" style=\"color: #003366;\"><\/i> Danza KPOP<\/h4>\n<p>Coordina, interpreta y disfruta del ritmo coreano mientras fortaleces la convivencia y el trabajo en equipo a trav\u00e9s del baile.<\/p>\n<h4 style=\"color: #003366;\"><i class=\"fas fa-fist-raised\" style=\"color: #003366;\"><\/i> Karate<\/h4>\n<p>Una oportunidad para cultivar la disciplina, el respeto y el autocontrol por medio del movimiento, la t\u00e9cnica y la concentraci\u00f3n.<\/p>\n<h4 style=\"color: #003366;\"><i class=\"fas fa-volleyball-ball\" style=\"color: #003366;\"><\/i> Voleibol<\/h4>\n<p>Fomenta el esp\u00edritu de equipo y la comunicaci\u00f3n mientras aprendes t\u00e9cnicas y estrategias de este emocionante deporte colectivo.<\/p>\n<h4 style=\"color: #003366;\"><i class=\"fas fa-chess\" style=\"color: #003366;\"><\/i> Ajedrez<\/h4>\n<p>Desarrolla el pensamiento estrat\u00e9gico y la toma de decisiones mediante juegos, desaf\u00edos y el dominio de movimientos cl\u00e1sicos.<\/p>\n<h4 style=\"color: #003366;\"><i class=\"fas fa-paint-brush\" style=\"color: #003366;\"><\/i> Manualidades<\/h4>\n<p>Explora tu creatividad con t\u00e9cnicas art\u00edsticas variadas, fortaleciendo la autoestima, la motricidad y la expresi\u00f3n personal. <em>(Se solicitan materiales).<\/em><\/p>\n<h4 style=\"color: #003366;\"><i class=\"fas fa-utensils\" style=\"color: #003366;\"><\/i> Cooking<\/h4>\n<p>Descubre el placer de cocinar en grupo, potenciando tus habilidades motoras finas con recetas sin horno y un toque colaborativo. <em>(Se solicitan materiales).<\/em><\/p>\n<h4 style=\"color: #003366;\"><i class=\"fas fa-dumbbell\" style=\"color: #003366;\"><\/i> Gimnasia<\/h4>\n<p>Desarrolla fuerza, coordinaci\u00f3n, flexibilidad y agilidad mediante actividades acrob\u00e1ticas y juegos gimn\u00e1sticos llenos de energ\u00eda.<\/p>\n<h4 style=\"color: #003366;\"><i class=\"fas fa-child\" style=\"color: #003366;\"><\/i> Psicomotricidad<\/h4>\n<p>Un espacio para moverse, jugar y aprender mientras fortaleces la coordinaci\u00f3n, el equilibrio y el desarrollo integral del cuerpo.<\/p>\n<h4 style=\"color: #003366;\"><i class=\"fas fa-futbol\" style=\"color: #003366;\"><\/i> F\u00fatbol<\/h4>\n<p>Mejora tu t\u00e9cnica, conoce nuevas estrategias de juego y vive los valores del deporte como la empat\u00eda, la perseverancia y el compa\u00f1erismo.<\/p>\n<h4 style=\"color: #003366;\"><i class=\"fas fa-running\" style=\"color: #003366;\"><\/i> Atletismo<\/h4>\n<p>Activa tu cuerpo y desaf\u00eda tus l\u00edmites con actividades que mejoran la condici\u00f3n f\u00edsica y te acercan al mundo de las disciplinas atl\u00e9ticas.<\/p>\n<h4 style=\"color: #003366;\"><i class=\"fas fa-basketball-ball\" style=\"color: #003366;\"><\/i> Baloncesto<\/h4>\n<p>Entrena, juega y crece junto a tus compa\u00f1eros mediante ejercicios t\u00e9cnicos y partidos que fortalecen la cooperaci\u00f3n y el enfoque.<\/p>\n<h4 style=\"color: #003366;\"><i class=\"fas fa-coins\" style=\"color: #003366;\"><\/i> Educaci\u00f3n Financiera<\/h4>\n<p>Aprende a manejar tu dinero con responsabilidad, entendiendo conceptos clave para tomar decisiones financieras seguras e informadas.<\/p>\n<h4 style=\"color: #003366;\"><i class=\"fas fa-hands-helping\" style=\"color: #003366;\"><\/i> Taller Solidario<\/h4>\n<p>Comparte tus talentos y aprende a transformar ideas en acciones que impacten positivamente en tu comunidad, trabajando por un bien com\u00fan.<\/p>\n<link rel=\"stylesheet\" href=\"https:\/\/cdnjs.cloudflare.com\/ajax\/libs\/font-awesome\/5.15.3\/css\/all.min.css\">\n<\/div>\n<\/div><\/div>\n<\/div>\n<\/div>\n<\/div>\n<\/div>\n<\/div>\n<div id=\"cmsmasters_row_3b49jote6n\" class=\"cmsmasters_row cmsmasters_color_scheme_default cmsmasters_row_top_default cmsmasters_row_bot_default cmsmasters_row_boxed\">\n<div class=\"cmsmasters_row_outer_parent\">\n<div class=\"cmsmasters_row_outer\">\n<div class=\"cmsmasters_row_inner\">\n<div class=\"cmsmasters_row_margin\">\n<div id=\"cmsmasters_column_5rrr5nk42\" class=\"cmsmasters_column one_first\">\n<div class=\"cmsmasters_column_inner\"><div id=\"cmsmasters_notice_emdb9zw3zm\" class=\"cmsmasters_notice cmsmasters_notice_success cmsmasters-icon-info-circled\" data-animation=\"pulse\" data-delay=\"0\">\n<a href=\"#\" class=\"notice_close cmsmasters_theme_icon_cancel\"><\/a><div class=\"notice_content\">\n<p><strong>Importante:<\/strong> actualmente, el proceso de postulaci\u00f3n de los talleres se encuentra cerrado. Sin embargo, si deseas consultar sobre cupos disponibles o cambios de talleres, as\u00ed como cualquier otra informaci\u00f3n relacionada, contacta v\u00eda e-mail al coordinador de los talleres extraescolares al correo que se encuentra m\u00e1s abajo.<\/p>\n<\/div>\n<\/div>\n<\/div><\/div>\n<\/div>\n<\/div>\n<\/div>\n<\/div>\n<\/div>\n<div id=\"cmsmasters_row_mby8ayxzuh\" class=\"cmsmasters_row cmsmasters_color_scheme_default cmsmasters_row_top_default cmsmasters_row_bot_default cmsmasters_row_boxed\">\n<div class=\"cmsmasters_row_outer_parent\">\n<div class=\"cmsmasters_row_outer\">\n<div class=\"cmsmasters_row_inner\">\n<div class=\"cmsmasters_row_margin\">\n<div id=\"cmsmasters_column_ar9usxbvkr\" class=\"cmsmasters_column one_fourth\">\n<div class=\"cmsmasters_column_inner\"><\/div><\/div>\n<div id=\"cmsmasters_column_g77dr82g1u\" class=\"cmsmasters_column one_half\">\n<div class=\"cmsmasters_column_inner\"><div class=\"custom_html\">\n<p><head>\n  <link rel=\"stylesheet\" href=\"https:\/\/cdnjs.cloudflare.com\/ajax\/libs\/font-awesome\/6.0.0-beta3\/css\/all.min.css\">\n<style>\n    .signature {\n      background-color: #fbc02d;\n      color: white;\n      padding: 20px;\n      border-radius: 10px;\n      font-family: Arial, sans-serif;\n      max-width: 500px;\n      margin: auto;\n      box-shadow: 0 4px 8px rgba(0, 0, 0, 0.1);\n      line-height: 2.4;\n    }<\/p>\n<p>    .signature div {\n      display: flex;\n      align-items: center;\n      margin-bottom: 15px;\n    }<\/p>\n<p>    .signature div i {\n      font-size: 18px;\n      color: white;\n      margin-right: 10px;\n      min-width: 25px;\n    }<\/p>\n<p>    .signature .name {\n      font-weight: bold;\n      font-size: 24px;\n      color: #ffeb3b;\n    }<\/p>\n<p>    .signature .email, .signature .phone, .signature .role {\n      font-style: italic;\n      color: #003366; \/* Azul oscuro *\/\n    }<\/p>\n<p>    .signature a {\n      color: white;\n      text-decoration: none;\n    }<\/p>\n<p>    .signature a:hover {\n      text-decoration: underline;\n    }<\/p>\n<p>    \/* Estilo para el icono separador *\/\n    .separator {\n      margin: 0 10px; \/* Ajusta el margen para el espaciado *\/\n      font-size: 18px; \/* Tama\u00f1o del icono separador *\/\n      color: white; \/* Color del icono separador *\/\n    }\n  <\/style>\n<p><\/head><\/p>\n<p><body><\/p>\n<div class=\"signature\">\n<div><i class=\"fas fa-user\"><\/i>    <span class=\"separator\">|<\/span>   <span class=\"name\">Macarena Segovia<\/span><\/div>\n<div><i class=\"fas fa-envelope\"><\/i>   <span class=\"separator\">|<\/span>   <span class=\"email\"><a href=\"mailto:asa@eaglescollege.cl\">asa@eaglescollege.cl<\/a><\/span><\/div>\n<div><i class=\"fas fa-briefcase\"><\/i>    <span class=\"separator\">|<\/span>   <span class=\"role\">Coordinador de talleres extraescolares<\/span><\/div><\/div>\n<p><\/body><\/p>\n<\/div>\n<\/div><\/div>\n<div id=\"cmsmasters_column_ly1opq6pq5\" class=\"cmsmasters_column one_fourth\">\n<div class=\"cmsmasters_column_inner\"><\/div><\/div>\n<\/div>\n<\/div>\n<\/div>\n<\/div>\n<\/div>\n\n","protected":false},"excerpt":{"rendered":"","protected":false},"author":2,"featured_media":0,"parent":0,"menu_order":0,"comment_status":"closed","ping_status":"closed","template":"","meta":{"_EventAllDay":false,"_EventTimezone":"","_EventStartDate":"","_EventEndDate":"","_EventStartDateUTC":"","_EventEndDateUTC":"","_EventShowMap":false,"_EventShowMapLink":false,"_EventURL":"","_EventCost":"","_EventCostDescription":"","_EventCurrencySymbol":"","_EventCurrencyCode":"","_EventCurrencyPosition":"","_EventDateTimeSeparator":"","_EventTimeRangeSeparator":"","_EventOrganizerID":[],"_EventVenueID":[],"_OrganizerEmail":"","_OrganizerPhone":"","_OrganizerWebsite":"","_VenueAddress":"","_VenueCity":"","_VenueCountry":"","_VenueProvince":"","_VenueState":"","_VenueZip":"","_VenuePhone":"","_VenueURL":"","_VenueStateProvince":"","_VenueLat":"","_VenueLng":"","_VenueShowMap":false,"_VenueShowMapLink":false,"footnotes":""},"class_list":["post-16550","page","type-page","status-publish","hentry"],"yoast_head":"<!-- This site is optimized with the Yoast SEO plugin v24.0 - https:\/\/yoast.com\/wordpress\/plugins\/seo\/ -->\n<title>Talleres extraescolares - Eagles&#039; College<\/title>\n<meta name=\"robots\" content=\"index, follow, max-snippet:-1, max-image-preview:large, max-video-preview:-1\" \/>\n<link rel=\"canonical\" href=\"https:\/\/www.eaglescollege.cl\/web\/talleres-extraescolares\/\" \/>\n<meta property=\"og:locale\" content=\"es_ES\" \/>\n<meta property=\"og:type\" content=\"article\" \/>\n<meta property=\"og:title\" content=\"Talleres extraescolares - Eagles&#039; College\" \/>\n<meta property=\"og:url\" content=\"https:\/\/www.eaglescollege.cl\/web\/talleres-extraescolares\/\" \/>\n<meta property=\"og:site_name\" content=\"Eagles&#039; College\" \/>\n<meta property=\"article:modified_time\" content=\"2025-04-16T13:04:15+00:00\" \/>\n<meta name=\"twitter:card\" content=\"summary_large_image\" \/>\n<meta name=\"twitter:label1\" content=\"Tiempo de lectura\" \/>\n\t<meta name=\"twitter:data1\" content=\"1 minuto\" \/>\n<script type=\"application\/ld+json\" class=\"yoast-schema-graph\">{\"@context\":\"https:\/\/schema.org\",\"@graph\":[{\"@type\":\"WebPage\",\"@id\":\"https:\/\/www.eaglescollege.cl\/web\/talleres-extraescolares\/\",\"url\":\"https:\/\/www.eaglescollege.cl\/web\/talleres-extraescolares\/\",\"name\":\"Talleres extraescolares - Eagles&#039; College\",\"isPartOf\":{\"@id\":\"https:\/\/www.eaglescollege.cl\/web\/#website\"},\"datePublished\":\"2024-08-26T19:16:57+00:00\",\"dateModified\":\"2025-04-16T13:04:15+00:00\",\"breadcrumb\":{\"@id\":\"https:\/\/www.eaglescollege.cl\/web\/talleres-extraescolares\/#breadcrumb\"},\"inLanguage\":\"es\",\"potentialAction\":[{\"@type\":\"ReadAction\",\"target\":[\"https:\/\/www.eaglescollege.cl\/web\/talleres-extraescolares\/\"]}]},{\"@type\":\"BreadcrumbList\",\"@id\":\"https:\/\/www.eaglescollege.cl\/web\/talleres-extraescolares\/#breadcrumb\",\"itemListElement\":[{\"@type\":\"ListItem\",\"position\":1,\"name\":\"Home\",\"item\":\"https:\/\/www.eaglescollege.cl\/web\/\"},{\"@type\":\"ListItem\",\"position\":2,\"name\":\"Talleres extraescolares\"}]},{\"@type\":\"WebSite\",\"@id\":\"https:\/\/www.eaglescollege.cl\/web\/#website\",\"url\":\"https:\/\/www.eaglescollege.cl\/web\/\",\"name\":\"Eagles&#039; College\",\"description\":\"education is life itself\",\"potentialAction\":[{\"@type\":\"SearchAction\",\"target\":{\"@type\":\"EntryPoint\",\"urlTemplate\":\"https:\/\/www.eaglescollege.cl\/web\/?s={search_term_string}\"},\"query-input\":{\"@type\":\"PropertyValueSpecification\",\"valueRequired\":true,\"valueName\":\"search_term_string\"}}],\"inLanguage\":\"es\"}]}<\/script>\n<!-- \/ Yoast SEO plugin. -->","yoast_head_json":{"title":"Talleres extraescolares - Eagles&#039; College","robots":{"index":"index","follow":"follow","max-snippet":"max-snippet:-1","max-image-preview":"max-image-preview:large","max-video-preview":"max-video-preview:-1"},"canonical":"https:\/\/www.eaglescollege.cl\/web\/talleres-extraescolares\/","og_locale":"es_ES","og_type":"article","og_title":"Talleres extraescolares - Eagles&#039; College","og_url":"https:\/\/www.eaglescollege.cl\/web\/talleres-extraescolares\/","og_site_name":"Eagles&#039; College","article_modified_time":"2025-04-16T13:04:15+00:00","twitter_card":"summary_large_image","twitter_misc":{"Tiempo de lectura":"1 minuto"},"schema":{"@context":"https:\/\/schema.org","@graph":[{"@type":"WebPage","@id":"https:\/\/www.eaglescollege.cl\/web\/talleres-extraescolares\/","url":"https:\/\/www.eaglescollege.cl\/web\/talleres-extraescolares\/","name":"Talleres extraescolares - Eagles&#039; College","isPartOf":{"@id":"https:\/\/www.eaglescollege.cl\/web\/#website"},"datePublished":"2024-08-26T19:16:57+00:00","dateModified":"2025-04-16T13:04:15+00:00","breadcrumb":{"@id":"https:\/\/www.eaglescollege.cl\/web\/talleres-extraescolares\/#breadcrumb"},"inLanguage":"es","potentialAction":[{"@type":"ReadAction","target":["https:\/\/www.eaglescollege.cl\/web\/talleres-extraescolares\/"]}]},{"@type":"BreadcrumbList","@id":"https:\/\/www.eaglescollege.cl\/web\/talleres-extraescolares\/#breadcrumb","itemListElement":[{"@type":"ListItem","position":1,"name":"Home","item":"https:\/\/www.eaglescollege.cl\/web\/"},{"@type":"ListItem","position":2,"name":"Talleres extraescolares"}]},{"@type":"WebSite","@id":"https:\/\/www.eaglescollege.cl\/web\/#website","url":"https:\/\/www.eaglescollege.cl\/web\/","name":"Eagles&#039; College","description":"education is life itself","potentialAction":[{"@type":"SearchAction","target":{"@type":"EntryPoint","urlTemplate":"https:\/\/www.eaglescollege.cl\/web\/?s={search_term_string}"},"query-input":{"@type":"PropertyValueSpecification","valueRequired":true,"valueName":"search_term_string"}}],"inLanguage":"es"}]}},"_links":{"self":[{"href":"https:\/\/www.eaglescollege.cl\/web\/wp-json\/wp\/v2\/pages\/16550","targetHints":{"allow":["GET"]}}],"collection":[{"href":"https:\/\/www.eaglescollege.cl\/web\/wp-json\/wp\/v2\/pages"}],"about":[{"href":"https:\/\/www.eaglescollege.cl\/web\/wp-json\/wp\/v2\/types\/page"}],"author":[{"embeddable":true,"href":"https:\/\/www.eaglescollege.cl\/web\/wp-json\/wp\/v2\/users\/2"}],"replies":[{"embeddable":true,"href":"https:\/\/www.eaglescollege.cl\/web\/wp-json\/wp\/v2\/comments?post=16550"}],"version-history":[{"count":26,"href":"https:\/\/www.eaglescollege.cl\/web\/wp-json\/wp\/v2\/pages\/16550\/revisions"}],"predecessor-version":[{"id":17973,"href":"https:\/\/www.eaglescollege.cl\/web\/wp-json\/wp\/v2\/pages\/16550\/revisions\/17973"}],"wp:attachment":[{"href":"https:\/\/www.eaglescollege.cl\/web\/wp-json\/wp\/v2\/media?parent=16550"}],"curies":[{"name":"wp","href":"https:\/\/api.w.org\/{rel}","templated":true}]}}